 - 5*k**4/12 + k**3/6 + k**2/2 - 5*k. What is the remainder when 11 is divided by z(5)?
5
Suppose w + 3*s = 15 - 2, 23 = 2*w + 3*s. Suppose -i = -6*i + w. What is the remainder when i is divided by 1?
0
Suppose -4*n - 3*f = 199, -2*n + 11*f - 93 = 6*f. Let i = 82 + n. Let y = 21 + -9. Calculate the remainder when i is divided by y.
9
Let v = 112 - -108. Suppose -v = -4*r + 4*b, -r = -4*r + b + 169. What is the remainder when r is divided by 15?
12
Suppose 40 = 3*f - 8. Calculate the remainder when 62 is divided by f.
14
Let n(l) = 10*l**2 + 4*l - 5*l + 4 - l**2 - 4*l. Calculate the remainder when n(3) is divided by 18.
16
Suppose 0 = 4*x + x - 25. Let k(t) = t - 2. What is the remainder when 10 is divided by k(x)?
1
Suppose -216 + 4 = -3*c - 2*i, 4*i = 5*c - 390. Suppose 5*f - 31 = c. What is the remainder when f is divided by 12?
9
Let l be 76/10 + 33/(-55). Let c = l - -2. What is the remainder when 15 is divided by c?
6
Let l(c) = c**2 - 13*c - 5. Let j be l(14). Let n(v) = v**2 - 7*v + 5. What is the remainder when n(j) is divided by 8?
7
Let g = 93 - 61. What is the remainder when g is divided by 11?
10
Let i(n) = 2*n - 7. Calculate the remainder when 15 is divided by i(7).
1
Suppose 5*h - 2*h = 195. Calculate the remainder when h is divided by 34.
31
Let z(k) be the third derivative of -k**4/12 - 4*k**2. What is the remainder when 39 is divided by z(-5)?
9
Suppose 3*t - 42 = -0*t. Suppose -y - y + t = 0. Suppose 11*d - 57 = -8*d. What is the remainder when y is divided by d?
1
Let k(c) be the third derivative of 0*c + c**3 + c**2 - 1/120*c**6 + 1/24*c**4 + 0*c**5 + 0. What is the remainder when 16 is divided by k(0)?
4
Calculate the remainder when 81 is divided by ((29/4)/(-1) + 2)*-8.
39
Let p(o) = 5*o + 4. Let f = 5 + -7. What is the remainder when p(3) is divided by 2*(-7)/f*1?
5
What is the remainder when ((-18)/10)/(8/(-120)) is divided by 6?
3
Let n(i) = -8*i + 37. Let v(f) = -4*f + 18. Let p(m) = 3*n(m) - 7*v(m). Let j(c) = -c + 5. What is the remainder when p(6) is divided by j(0)?
4
Let f be (-6)/15*(-2 + 7). Let m be 1/(f/3)*-2. Suppose -m*j - j + 36 = 0. Calculate the remainder when 33 is divided by j.
6
Suppose -10 = 4*h + h. Let y = 49 - h. What is the remainder when y is divided by 13?
12
Suppose -3*m + 4 = -j, -3*m - 12 = -0*m + 3*j. Suppose 0 = -4*g - m*g. Let d(q) = -q + 4. Calculate the remainder when 10 is divided by d(g).
2
Suppose 4*a - 3*l - 167 = -0*l, 2*l + 10 = 0. Suppose -3*t + a = -t. Suppose 0 = o - 5. Calculate the remainder when t is divided by o.
4
Suppose -4*n - 574 = -5*b, -b - 4*n + 126 = -2*n. Calculate the remainder when b/7 - 2/(-14) is divided by 9.
8
Let m be (-1 + (-183)/12)*-4. Suppose 5*y - 2*f - 190 = 0, 2*f + 3 = -2*y + m. Suppose -4 = -x + y. What is the remainder when x is divided by 14?
12
Let y = -1 - -4. Let b(w) = -w**2 - 5*w + 19. Calculate the remainder when b(-7) is divided by y.
2
Let a(z) = z**3 + 5*z**2 - 8*z - 4. Suppose 5*j = 3 - 33. Calculate the remainder when 31 is divided by a(j).
7
Suppose -3*i + 441 = 2*i + 3*m, -4*m - 253 = -3*i. What is the remainder when 32 is divided by i/5 - (-6)/(-15)?
15
Suppose 7*l - 3*l = -32. Let f = l - -20. Let d = 75 + -53. What is the remainder when d is divided by f?
10
Suppose 2*z - 32 - 2 = 0. What is the remainder when 83 is divided by z?
15
Suppose -4*b + 229 + 79 = 0. Suppose -5*q + 5*g = -65, 0*q - 2*q + 44 = 4*g. What is the remainder when b is divided by q?
13
Let t be 2*(0 - -1*4). Suppose -4*w - 4*n + 24 = -5*n, -41 = -5*w + 4*n. Calculate the remainder when (t/10)/((-6)/(-105)) is divided by w.
4
Let x be 4/2 - 1 - -11. Let g = x + -8. Calculate the remainder when 11 is divided by g.
3
Let f(m) = 49*m**3 - m**2 + 1. Let g be f(1). What is the remainder when (1/1)/(-1) + g is divided by 17?
14
Let d(a) = 2*a - 4. Calculate the remainder when 29 is divided by d(7).
9
Let s(p) = p - 8. Let w be s(10). What is the remainder when (-11)/(1*(-3 + w)) is divided by 4?
3
Let g = -40 + 56. Let s be ((-32)/10)/(2/(-10)). Let t = s + -7. Calculate the remainder when g is divided by t.
7
What is the remainder when 20 is divided by 119/17 - (-8)/2?
9
Let p(n) = 9*n + 6. Let l be p(5). Suppose 7*i = 4*i + l. Let b = -9 + i. Calculate the remainder when 14 is divided by b.
6
Let n(b) = b. Suppose -4*f + 2*w = 2, -w = 2*f - 0*f - 9. What is the remainder when 3 is divided by n(f)?
1
Let j(w) = 2*w + 2. Let h be j(14). Suppose -4*d - h = -9*d. Calculate the remainder when (-2)/(-3)*(-66)/(-4) is divided by d.
5
Suppose -39 = i - 3*i + 3*u, 5*u = -i + 13. Let f = -47 + i. Calculate the remainder when 4/8 + f/(-2) is divided by 6.
3
Suppose -4*i = -7*i + 60. Let o(c) = c**2 + 7*c + 13. What is the remainder when i is divided by o(-6)?
6
Let u = 46 + -80. Let x = u - -50. What is the remainder when 31 is divided by x?
15
Let o = 7 - -3. Let w = o + -2. What is the remainder when w is divided by 7 - ((-36)/414 - 96/(-46))?
3
Let j = 12 + -7. Suppose -3*l + 54 = 15. What is the remainder when l is divided by j?
3
Suppose 2*i + 0*i = 58. Let l = -19 + i. Calculate the remainder when l is divided by 4.
2
Suppose 102 + 222 = 4*m. What is the remainder when m is divided by 21?
18
Suppose -18 + 63 = 3*f. What is the remainder when 103 is divided by f?
13
What is the remainder when -3 - -3*60/9 is divided by 10?
7
Let m(s) = -s**3 - s**2 + 2*s + 2. Let h be m(-2). Suppose -n = -3*o + 67, h*n - 111 = -4*o - n. Calculate the remainder when o is divided by 13.
11
Suppose -2*h + 2*z + 182 = 0, 5*h - 243 = z + 200. Let b = h - 62. Calculate the remainder when b is divided by 14.
12
Let t(f) = f**2 - f. What is the remainder when (-4*6/(-24))/(1/7) is divided by t(3)?
1
Suppose -9*r = -8*r. Suppose 3*x + 4*p - 81 = r, 2*x + 2*p - p = 49. Calculate the remainder when x is divided by 6.
5
Let p(z) = z**3 + 9*z**2 + 9*z + 5. Let a be p(-7). Suppose -80 = -4*t + 5*c + a, 12 = 3*c. Calculate the remainder when t is divided by 12.
11
Suppose -b = -6*b + 30. Calculate the remainder when 22 is divided by b.
4
Suppose -19 = -6*a + a + 4*m, -2*a + m + 10 = 0. Calculate the remainder when 23 is divided by 2 - a/(7/(-4)).
5
Let p = -58 + 71. What is the remainder when 23 is divided by p?
10
Let w = 68 + -59. What is the remainder when 25 is divided by w?
7
Suppose 2*o = 6 - 0. Suppose -o*f = -4*g - 137, -2*f + 54 + 40 = -4*g. Calculate the remainder when f is divided by ((-2)/(-8) - (-366)/(-24))/(-1).
13
Suppose -5*p + 3 = -247. Suppose 32 = -5*f + 5*t + 107, 3*t = 4*f - 58. Calculate the remainder when p is divided by f.
11
Let s = -266 - -377. Calculate the remainder when s is divided by 38.
35
Suppose -27*j + 96 = -25*j. Calculate the remainder when 93 is divided by j.
45
Calculate the remainder when 63 is divided by 1 - (0 + -3 + -18).
19
Suppose 0 = -2*m + 2*n + 2*n + 10, 0 = 3*m + 3*n + 12. Let g be m*1/1 + 3. Calculate the remainder when 20 is divided by 14 - 1 - g/1.
9
Let v(l) = l**3 + 8*l**2 + 5*l - 3. Suppose -5 = -5*j + 5. Suppose -j*g = -o + 9, -4*o = -3*g - 6 - 5. Calculate the remainder when v(g) is divided by 16.
15
Let j = -11 + 11. Suppose j = l + l - 22. Calculate the remainder when l is divided by 4.
3
Let d = -18 - -37. Calculate the remainder when 37 is divided by d.
18
Let v = -15 + -44. Let g = 104 + -7. Let c = v + g. Calculate the remainder when c is divided by 20.
18
Suppose 2*m - 3*m + 3*w + 22 = 0, 0 = -4*m + 3*w + 52. What is the remainder when (138/15)/(1/5) is divided by (-4)/m - (-328)/20?
14
Let x be (8/10)/((-2)/(-35)). Suppose 5*f + 2 = 27. Suppose 2*h + 3*o + o = x, -f*h + 3*o + 22 = 0. Calculate the remainder when 14 is divided by h.
4
Suppose 1 = j - 2. What is the remainder when 3 is divided by j?
0
Suppose 2*n + 91 = 15. Let j = n - -62. What is the remainder when 47 is divided by j?
23
Let o = -6 + 9. Suppose -l + o*l = 80. Calculate the remainder when l is divided by 14.
12
Suppose -4*z = 3*o - 12, 13 = 4*z + 2*o + 1. Suppose 0 = -4*v + a + 13, -v + 12 + 7 = 5*a. Let p = v + 0. What is the remainder when p is divided by z?
1
Suppose 2*a + 3*a - 50 = 0. Let g(h) = -h + 7. What is the remainder when a is divided by g(3)?
2
Let k = -1 - -1. Suppose 2*d = 4*s - 3*d - 72, 5*s + 2*d - 57 = k. Calculate the remainder when s is divided by